 divided by 5862.
20
Calculate the remainder when 226978 is divided by 434.
430
Calculate the remainder when 10471 is divided by 476.
475
Calculate the remainder when 178498 is divided by 25.
23
Calculate the remainder when 149371 is divided by 26.
1
Calculate the remainder when 2131075 is divided by 1652.
1647
Calculate the remainder when 18907 is divided by 6246.
169
What is the remainder when 481 is divided by 71?
55
Calculate the remainder when 602 is divided by 309.
293
Calculate the remainder when 883357 is divided by 80.
77
Calculate the remainder when 14024 is divided by 131.
7
What is the remainder when 795791 is divided by 102?
89
What is the remainder when 31512 is divided by 222?
210
Calculate the remainder when 15598 is divided by 26.
24
What is the remainder when 682631 is divided by 684?
683
What is the remainder when 18814 is divided by 29?
22
What is the remainder when 684 is divided by 582?
102
Calculate the remainder when 8652 is divided by 790.
752
Calculate the remainder when 13647 is divided by 6474.
699
What is the remainder when 1476 is divided by 36?
0
What is the remainder when 22695 is divided by 6?
3
Calculate the remainder when 105010 is divided by 1875.
10
Calculate the remainder when 209060 is divided by 137.
135
Calculate the remainder when 39973 is divided by 253.
252
What is the remainder when 26061 is divided by 869?
860
What is the remainder when 482996 is divided by 241485?
26
Calculate the remainder when 791537 is divided by 49471.
1
Calculate the remainder when 4307 is divided by 2086.
135
Calculate the remainder when 8061 is divided by 373.
228
Calculate the remainder when 75857 is divided by 419.
18
Calculate the remainder when 924 is divided by 317.
290
Calculate the remainder when 789266 is divided by 37.
19
What is the remainder when 6196 is divided by 5378?
818
Calculate the remainder when 1055107 is divided by 35.
32
What is the remainder when 113891 is divided by 12?
11
Calculate the remainder when 2601 is divided by 816.
153
Calculate the remainder when 845 is divided by 98.
61
What is the remainder when 19045 is divided by 174?
79
What is the remainder when 297715 is divided by 2053?
30
What is the remainder when 3992272 is divided by 297?
295
Calculate the remainder when 14064 is divided by 13344.
720
Calculate the remainder when 5846 is divided by 4835.
1011
What is the remainder when 19025 is divided by 3144?
161
What is the remainder when 9632 is divided by 75?
32
Calculate the remainder when 2902 is divided by 159.
40
Calculate the remainder when 2319 is divided by 664.
327
What is the remainder when 6771 is divided by 205?
6
What is the remainder when 2796 is divided by 187?
178
Calculate the remainder when 3316 is divided by 1059.
139
What is the remainder when 14825 is divided by 7024?
777
Calculate the remainder when 623 is divided by 314.
309
What is the remainder when 4465 is divided by 61?
12
Calculate the remainder when 3864 is divided by 150.
114
What is the remainder when 168951 is divided by 98?
97
Calculate the remainder when 851 is divided by 167.
16
Calculate the remainder when 425457 is divided by 420.
417
What is the remainder when 3259 is divided by 742?
291
Calculate the remainder when 3192 is divided by 1592.
8
What is the remainder when 22385 is divided by 72?
65
What is the remainder when 160 is divided by 68?
24
What is the remainder when 7387 is divided by 738?
7
What is the remainder when 54545 is divided by 116?
25
Calculate the remainder when 2300 is divided by 4.
0
Calculate the remainder when 9375 is divided by 4675.
25
Calculate the remainder when 22018 is divided by 121.
117
Calculate the remainder when 2240 is divided by 59.
57
What is the remainder when 6338 is divided by 244?
238
Calculate the remainder when 137 is divided by 25.
12
Calculate the remainder when 35152 is divided by 17563.
26
Calculate the remainder when 16235 is divided by 149.
143
What is the remainder when 221389 is divided by 72?
61
What is the remainder when 9956 is divided by 1991?
1
Calculate the remainder when 2368 is divided by 1285.
1083
Calculate the remainder when 53768 is divided by 1198.
1056
What is the remainder when 23533 is divided by 7?
6
What is the remainder when 142844 is divided by 60?
44
Calculate the remainder when 827424 is divided by 115.
114
What is the remainder when 548066 is divided by 26?
12
What is the remainder when 313229 is divided by 265?
264
Calculate the remainder when 4623 is divided by 419.
14
Calculate the remainder when 52326 is divided by 98.
92
Calculate the remainder when 1457 is divided by 227.
95
Calculate the remainder when 173736 is divided by 5.
1
Calculate the remainder when 2626146 is divided by 875382.
0
Calculate the remainder when 3887 is divided by 608.
239
What is the remainder when 80438 is divided by 7310?
28
Calculate the remainder when 353917 is divided by 14.
11
Calculate the remainder when 132808 is divided by 17.
4
What is the remainder when 19624 is divided by 9721?
182
Calculate the remainder when 35429 is divided by 1388.
729
What is the remainder when 15573 is divided by 185?
33
Calculate the remainder when 21566 is divided by 49.
6
What is the remainder when 238 is divided by 104?
30
Calculate the remainder when 107885 is divided by 53933.
19
What is the remainder when 835701 is divided by 219?
216
What is the remainder when 3861 is divided by 245?
186
What is the remainder when 12383 is divided by 490?
133
What is the remainder when 8799 is divided by 2853?
240
What is the remainder when 2315 is divided by 35?
5
What is the remainder when 11623 is divided by 614?
571
Calculate the remainder when 1926 is divided by 122.
96
What is the remainder when 253310 is divided by 2184?
2150
Calculate the remainder when 1700016 is divided by 1700004.
12
What is the remainder when 153164 is divided by 289?
283
What is the remainder when 1137 is divided by 132?
81
Calculate the remainder when 6879 is divided by 4506.
2373
Calculate the remainder when 28459 is divided by 38.
35
What is the remainder when 94986 is divided by 590?
586
Calculate the remainder when 4914 is divided by 375.
39
Calculate the remainder when 22054 is divided by 5329.
738
What is the remainder when 8502 is divided by 1682?
92
What is the remainder when 7901 is divided by 278?
117
What is the remainder when 4138 is divided by 1128?
754
What is the remainder when 7708 is divided by 57?
13
What is the remainder when 178038 is divided by 16?
6
What is the remainder when 8828 is divided by 2861?
245
Calculate the remainder when 1520 is divided by 305.
300
What is the remainder when 1078 is divided by 530?
18
Calculate the remainder when 7662 is divided by 182.
18
What is the remainder when 998184 is divided by 1293?
1281
What is the remainder when 1494 is divided by 270?
144
Calculate the remainder when 8599 is divided by 4271.
57
Calculate the remainder when 38827 is divided by 38771.
56
What is the remainder when 94056 is divided by 31350?
6
What is the remainder when 4680 is divided by 4588?
92
What is the remainder when 98848 is divided by 75?
73
Calculate the remainder when 346332 is divided by 2.
0
Calculate the remainder when 1725 is divided by 582.
561
Calculate the remainder when 2620 is divided by 80.
60
Calculate the remainder when 19018 is divided by 18985.
33
What is the remainder when 596 is divided by 180?
56
What is the remainder when 19990 is divided by 142?
110
What is the remainder when 2448 is divided by 2342?
106
What is the remainder when 1959 is divided by 56?
55
What is the remainder when 906 is divided by 51?
39
What is the remainder when 3983022 is divided by 23?
20
Calculate the remainder when 3793 is divided by 190.
183
Calculate the remainder when 278939 is divided by 13.
11
Calculate the remainder when 807815 is divided by 82.
33
What is the remainder when 40102 is divided by 237?
49
Calculate the remainder when 14175 is divided by 38.
1
Calculate the remainder when 9342 is divided by 489.
51
What is the remainder when 84753 is divided by 315?
18
What is the remainder when 78640 is divided by 9825?
40
What is the remainder when 7141 is divided by 92?
57
What is the remainder when 120251 is divided by 3757?
27
Calculate the remainder wh